{"id":11698,"date":"2025-10-17T07:52:11","date_gmt":"2025-10-17T06:52:11","guid":{"rendered":"https:\/\/partnerstwo-sowiogorskie.pl\/?page_id=11698"},"modified":"2025-10-17T08:05:27","modified_gmt":"2025-10-17T07:05:27","slug":"harmonogram-naborow-arimr","status":"publish","type":"page","link":"https:\/\/partnerstwo-sowiogorskie.pl\/index.php\/nabory\/harmonogram-naborow-arimr\/","title":{"rendered":"Harmonogram nabor\u00f3w ARiMR"},"content":{"rendered":"<p>HARMONOGRAM planowanych przez <strong>Agencj\u0119 Restrukturyzacji i Modernizacji Rolnictwa<\/strong> nabor\u00f3w wniosk\u00f3w w ramach Planu Strategicznego dla Wsp\u00f3lnej Polityki Rolnej na lata 2023-2027 dost\u0119pny jest na stronie <a href=\"https:\/\/www.gov.pl\/web\/arimr\/agencja-restrukturyzacji-i-modernizacji-rolnictwa\" target=\"_blank\" rel=\"noopener\">www ARiMR.&nbsp;<\/a><\/p>\n<p>Link do zak\u0142adki: <a href=\"https:\/\/www.gov.pl\/web\/arimr\/harmonogram-naborow-wnioskow-ps-wpr-na-lata-2023-2027\" target=\"_blank\" rel=\"noopener\">&gt;&gt;&gt;&gt; przejd\u017a do harmonogramu<\/a>&nbsp;<\/p>\n<p>&nbsp;<\/p>\n","protected":false},"excerpt":{"rendered":"<p>HARMONOGRAM planowanych przez Agencj\u0119 Restrukturyzacji i Modernizacji Rolnictwa nabor\u00f3w wniosk\u00f3w w ramach Planu Strategicznego dla Wsp\u00f3lnej Polityki Rolnej na lata 2023-2027 dost\u0119pny jest na stronie www ARiMR.&nbsp; Link do zak\u0142adki: [&hellip;]<\/p>\n","protected":false},"author":6,"featured_media":0,"parent":10234,"menu_order":0,"comment_status":"closed","ping_status":"closed","template":"","meta":{"ngg_post_thumbnail":0,"_price":"","_stock":"","_tribe_ticket_header":"","_tribe_default_ticket_provider":"","_ticket_start_date":"","_ticket_end_date":"","_tribe_ticket_show_description":"","_tribe_ticket_show_not_going":false,"_tribe_ticket_use_global_stock":"","_tribe_ticket_global_stock_level":"","_global_stock_mode":"","_global_stock_cap":"","_tribe_rsvp_for_event":"","_tribe_ticket_going_count":"","_tribe_ticket_not_going_count":"","_tribe_tickets_list":"[]","_tribe_ticket_has_attendee_info_fields":false,"footnotes":"","_tec_slr_enabled":"","_tec_slr_layout":""},"class_list":["post-11698","page","type-page","status-publish","hentry"],"rttpg_featured_image_url":null,"rttpg_author":{"display_name":"Iweta G\u0142\u00f3d","author_link":"https:\/\/partnerstwo-sowiogorskie.pl\/index.php\/author\/iglod\/"},"rttpg_comment":0,"rttpg_category":null,"rttpg_excerpt":"HARMONOGRAM planowanych przez Agencj\u0119 Restrukturyzacji i Modernizacji Rolnictwa nabor\u00f3w wniosk\u00f3w w ramach Planu Strategicznego dla Wsp\u00f3lnej Polityki Rolnej na lata 2023-2027 dost\u0119pny jest na stronie www ARiMR.&nbsp; Link do zak\u0142adki: [&hellip;]","ticketed":false,"_links":{"self":[{"href":"https:\/\/partnerstwo-sowiogorskie.pl\/index.php\/wp-json\/wp\/v2\/pages\/11698","targetHints":{"allow":["GET"]}}],"collection":[{"href":"https:\/\/partnerstwo-sowiogorskie.pl\/index.php\/wp-json\/wp\/v2\/pages"}],"about":[{"href":"https:\/\/partnerstwo-sowiogorskie.pl\/index.php\/wp-json\/wp\/v2\/types\/page"}],"author":[{"embeddable":true,"href":"https:\/\/partnerstwo-sowiogorskie.pl\/index.php\/wp-json\/wp\/v2\/users\/6"}],"replies":[{"embeddable":true,"href":"https:\/\/partnerstwo-sowiogorskie.pl\/index.php\/wp-json\/wp\/v2\/comments?post=11698"}],"version-history":[{"count":4,"href":"https:\/\/partnerstwo-sowiogorskie.pl\/index.php\/wp-json\/wp\/v2\/pages\/11698\/revisions"}],"predecessor-version":[{"id":11703,"href":"https:\/\/partnerstwo-sowiogorskie.pl\/index.php\/wp-json\/wp\/v2\/pages\/11698\/revisions\/11703"}],"up":[{"embeddable":true,"href":"https:\/\/partnerstwo-sowiogorskie.pl\/index.php\/wp-json\/wp\/v2\/pages\/10234"}],"wp:attachment":[{"href":"https:\/\/partnerstwo-sowiogorskie.pl\/index.php\/wp-json\/wp\/v2\/media?parent=11698"}],"curies":[{"name":"wp","href":"https:\/\/api.w.org\/{rel}","templated":true}]}}