{"id":10667,"date":"2024-08-14T12:30:42","date_gmt":"2024-08-14T11:30:42","guid":{"rendered":"https:\/\/partnerstwo-sowiogorskie.pl\/?page_id=10667"},"modified":"2025-10-20T13:31:41","modified_gmt":"2025-10-20T12:31:41","slug":"ogloszenie-o-naborach-konkursy","status":"publish","type":"page","link":"https:\/\/partnerstwo-sowiogorskie.pl\/index.php\/nabory\/ogloszenie-o-naborach-konkursy\/","title":{"rendered":"Og\u0142oszenie o naborach &#8211; KONKURSY 1-7"},"content":{"rendered":"<p>Szczeg\u00f3\u0142owe informacje o og\u0142aszanych konkursach znajduj\u0105 si\u0119 w poszczeg\u00f3lnych zak\u0142adkach dedykowanych konkretnym naborom wg daty og\u0142aszania konkurs\u00f3w.&nbsp;<\/p>\n<p>Zapraszamy do zapoznania si\u0119 z harmonogramem <a href=\"https:\/\/partnerstwo-sowiogorskie.pl\/index.php\/nabory\/harmonogram-naborow\/\">&gt;&gt;&gt;&gt;<\/a><\/p>\n<p>&nbsp;<\/p>\n","protected":false},"excerpt":{"rendered":"<p>Szczeg\u00f3\u0142owe informacje o og\u0142aszanych konkursach znajduj\u0105 si\u0119 w poszczeg\u00f3lnych zak\u0142adkach dedykowanych konkretnym naborom wg daty og\u0142aszania konkurs\u00f3w.&nbsp; Zapraszamy do zapoznania si\u0119 z harmonogramem &gt;&gt;&gt;&gt; &nbsp;<\/p>\n","protected":false},"author":6,"featured_media":0,"parent":10234,"menu_order":0,"comment_status":"closed","ping_status":"closed","template":"","meta":{"ngg_post_thumbnail":0,"_price":"","_stock":"","_tribe_ticket_header":"","_tribe_default_ticket_provider":"","_ticket_start_date":"","_ticket_end_date":"","_tribe_ticket_show_description":"","_tribe_ticket_show_not_going":false,"_tribe_ticket_use_global_stock":"","_tribe_ticket_global_stock_level":"","_global_stock_mode":"","_global_stock_cap":"","_tribe_rsvp_for_event":"","_tribe_ticket_going_count":"","_tribe_ticket_not_going_count":"","_tribe_tickets_list":"[]","_tribe_ticket_has_attendee_info_fields":false,"footnotes":"","_tec_slr_enabled":"","_tec_slr_layout":""},"class_list":["post-10667","page","type-page","status-publish","hentry"],"rttpg_featured_image_url":null,"rttpg_author":{"display_name":"Iweta G\u0142\u00f3d","author_link":"https:\/\/partnerstwo-sowiogorskie.pl\/index.php\/author\/iglod\/"},"rttpg_comment":0,"rttpg_category":null,"rttpg_excerpt":"Szczeg\u00f3\u0142owe informacje o og\u0142aszanych konkursach znajduj\u0105 si\u0119 w poszczeg\u00f3lnych zak\u0142adkach dedykowanych konkretnym naborom wg daty og\u0142aszania konkurs\u00f3w.&nbsp; Zapraszamy do zapoznania si\u0119 z harmonogramem &gt;&gt;&gt;&gt; &nbsp;","ticketed":false,"_links":{"self":[{"href":"https:\/\/partnerstwo-sowiogorskie.pl\/index.php\/wp-json\/wp\/v2\/pages\/10667","targetHints":{"allow":["GET"]}}],"collection":[{"href":"https:\/\/partnerstwo-sowiogorskie.pl\/index.php\/wp-json\/wp\/v2\/pages"}],"about":[{"href":"https:\/\/partnerstwo-sowiogorskie.pl\/index.php\/wp-json\/wp\/v2\/types\/page"}],"author":[{"embeddable":true,"href":"https:\/\/partnerstwo-sowiogorskie.pl\/index.php\/wp-json\/wp\/v2\/users\/6"}],"replies":[{"embeddable":true,"href":"https:\/\/partnerstwo-sowiogorskie.pl\/index.php\/wp-json\/wp\/v2\/comments?post=10667"}],"version-history":[{"count":25,"href":"https:\/\/partnerstwo-sowiogorskie.pl\/index.php\/wp-json\/wp\/v2\/pages\/10667\/revisions"}],"predecessor-version":[{"id":11715,"href":"https:\/\/partnerstwo-sowiogorskie.pl\/index.php\/wp-json\/wp\/v2\/pages\/10667\/revisions\/11715"}],"up":[{"embeddable":true,"href":"https:\/\/partnerstwo-sowiogorskie.pl\/index.php\/wp-json\/wp\/v2\/pages\/10234"}],"wp:attachment":[{"href":"https:\/\/partnerstwo-sowiogorskie.pl\/index.php\/wp-json\/wp\/v2\/media?parent=10667"}],"curies":[{"name":"wp","href":"https:\/\/api.w.org\/{rel}","templated":true}]}}