{"id":10383,"date":"2024-05-22T12:23:58","date_gmt":"2024-05-22T12:23:58","guid":{"rendered":"https:\/\/partnerstwo-sowiogorskie.pl\/?page_id=10383"},"modified":"2026-01-27T10:54:42","modified_gmt":"2026-01-27T09:54:42","slug":"harmonogram-naborow","status":"publish","type":"page","link":"https:\/\/partnerstwo-sowiogorskie.pl\/index.php\/nabory\/harmonogram-naborow\/","title":{"rendered":"Harmonogram nabor\u00f3w LGD"},"content":{"rendered":"<h1 class=\"Title\">HARMONOGRAM LGD<\/h1>\n<div class=\"col-md-12 col-xs-12\">\n<p><em><strong>Harmonogram planowanych nabor\u00f3w wniosk\u00f3w<\/strong><\/em>&nbsp;o udzielenie wsparcia na wdra\u017canie operacji w ramach strategii rozwoju lokalnego kierowanego przez spo\u0142eczno\u015b\u0107:<\/p>\n<p><strong>Informacja aktualna:&nbsp;<\/strong><\/p>\n<p>I kwarta\u0142 2026 (23-01-2026)&nbsp; <a href=\"https:\/\/partnerstwo-sowiogorskie.pl\/wp-content\/uploads\/2026\/01\/12_harmonogram_naboru_PSWPR_EURO_I_kw_23012026.pdf\" target=\"_blank\" rel=\"noopener\">&gt;&gt;&gt; pobierz<\/a><\/p>\n<p><strong>Harmonogram 2026<br \/>\n&#8211; opracowany 28-10-2025 <a href=\"https:\/\/partnerstwo-sowiogorskie.pl\/wp-content\/uploads\/2025\/10\/11_harmonogram_naboru_PSWPR_EURO_2026.pdf\" target=\"_blank\" rel=\"noopener\">&gt;&gt;<\/a><\/strong><\/p>\n<p>&nbsp;**************************************************<\/p>\n<p><strong>Harmonogram 2025:&nbsp;<\/strong><\/p>\n<p>aktualizacja IV kwarta\u0142 2025: 28-10-2025&nbsp; <a href=\"https:\/\/partnerstwo-sowiogorskie.pl\/wp-content\/uploads\/2025\/10\/10_harmonogram_naboru_PSWPR_EURO_IV_kw_28102025.pdf\" target=\"_blank\" rel=\"noopener\">&gt;&gt;&gt; pobierz<\/a><\/p>\n<p>III kwarta\u0142 2025 (04-09-2025) <a href=\"https:\/\/partnerstwo-sowiogorskie.pl\/wp-content\/uploads\/2025\/09\/9_harmonogram_naboru_PSWPR_EURO_III_kw_04092025.pdf\" target=\"_blank\" rel=\"noopener\">&gt;&gt;&gt; pobierz<\/a><\/p>\n<p>II kwarta\u0142 2025 (17-06-2025) <a href=\"https:\/\/partnerstwo-sowiogorskie.pl\/wp-content\/uploads\/2025\/08\/8_harmonogram_naboru_PSWPR_EURO_2025.pdf\" target=\"_blank\" rel=\"noopener\">&gt;&gt;&gt; pobierz<\/a><\/p>\n<p>II kwarta\u0142 2025 (02-04-2025) <a href=\"https:\/\/partnerstwo-sowiogorskie.pl\/wp-content\/uploads\/2025\/06\/7_harmonogram_naboru_PSWPR_EURO_02042025-1.pdf\" target=\"_blank\" rel=\"noopener\">&gt;&gt;&gt; pobierz<\/a><\/p>\n<p>I kwarta\u0142 2025 (14-03-2025) <a href=\"https:\/\/partnerstwo-sowiogorskie.pl\/wp-content\/uploads\/2025\/04\/6_harmonogram_naboru_PSWPR_EURO_14032025_www.pdf\" target=\"_blank\" rel=\"noopener\">&gt;&gt;&gt; pobierz<\/a><\/p>\n<p>I kwarta\u0142 2025 (10-01-2025): <a href=\"https:\/\/partnerstwo-sowiogorskie.pl\/wp-content\/uploads\/2025\/01\/1_harmonogram_naboru_PSWPR_EURO_10012025_www.pdf.pdf\" target=\"_blank\" rel=\"noopener\">&gt;&gt;&gt;pobierz<\/a><\/p>\n<p>**************************************************<\/p>\n<p><strong>Harmonogram 2024:<\/strong><\/p>\n<p>IV kwarta\u0142 2024 (15-10-2024): <a href=\"https:\/\/partnerstwo-sowiogorskie.pl\/wp-content\/uploads\/2024\/11\/4_harmonogram_naboru_PSWPR_EURO_15102024_www.pdf\" target=\"_blank\" rel=\"noopener\">&gt;&gt;&gt; pobierz<\/a><\/p>\n<p>III kwarta\u0142 2024 (05-09-2024): <a href=\"https:\/\/partnerstwo-sowiogorskie.pl\/wp-content\/uploads\/2024\/09\/3_harmonogram_naboru_PSWPR_EURO_05092024_www.pdf\">&gt;&gt;&gt; pobierz<\/a><\/p>\n<p>II kwarta\u0142 2024 (15-05-2024): <a href=\"https:\/\/partnerstwo-sowiogorskie.pl\/wp-content\/uploads\/2024\/09\/2_harmonogram_naboru_PSWPR_EURO_15052024_www.pdf\">&gt;&gt;&gt; pobierz<\/a><\/p>\n<p>I kwarta\u0142 2024 (01-03-2024): <a href=\"https:\/\/partnerstwo-sowiogorskie.pl\/wp-content\/uploads\/2024\/09\/1_harmonogram_naboru_PSWPR_EURO_01032024_www.pdf\">&gt;&gt;&gt; pobierz<\/a><\/p>\n<\/div>\n<h4>*****************************************************************************************************<\/h4>\n<h4 class=\"Title\">Informacja og\u00f3lna 31-12-2023<\/h4>\n<div class=\"col-md-12 col-xs-12\">\n<p>Zgodnie z obowi\u0105zkiem podania do publicznej wiadomo\u015bci informacji dotycz\u0105cej harmonogramu planowanych na 2024 rok nabor\u00f3w wniosk\u00f3w (I.13.1 LEADER- Komponent Wdra\u017cania LSR- od 20.09.2024 r), informujemy, \u017ce Agencja Restrukturyzacji i Modernizacji Rolnictwa przygotowa\u0142a wst\u0119pny Harmonogram planowanych w 2024 roku nabor\u00f3w wniosk\u00f3w w ramach Planu Strategicznego dla Wsp\u00f3lnej Polityki Rolnej na lata 2023-2027 (PS WPR 2023-2027):<\/p>\n<p><strong>I.13.1 LEADER- komponent Zarz\u0105dzania LSR- od 15.03.2024 r.<\/strong><\/p>\n<p><strong>I.13.1 LEADER- Komponent Wdra\u017cania LSR- od 20.09.2024 r.<\/strong><\/p>\n<p>Wskazane powy\u017cej planowane przybli\u017cone terminy nabor\u00f3w s\u0105 uzale\u017cnione od przekazania przez Agencj\u0119 Restrukturyzacji i Modernizacji Rolnictwa systemu do obs\u0142ugi wniosk\u00f3w na potrzeby dzia\u0142a\u0144 realizowanych przez Samorz\u0105d Wojew\u00f3dztwa.<\/p>\n<p>Plan realizacji nabor\u00f3w <a href=\"https:\/\/partnerstwo-sowiogorskie.pl\/wp-content\/uploads\/2024\/09\/Harmonogram_nabory_przedsiewziecia_kwoty_31122023.pdf\">Harmonogram_nabory_przedsiewziecia_kwoty_31122023<\/a><\/p>\n<p>&nbsp;<\/p>\n<\/div>\n","protected":false},"excerpt":{"rendered":"<p>HARMONOGRAM LGD Harmonogram planowanych nabor\u00f3w wniosk\u00f3w&nbsp;o udzielenie wsparcia na wdra\u017canie operacji w ramach strategii rozwoju lokalnego kierowanego przez spo\u0142eczno\u015b\u0107: Informacja aktualna:&nbsp; I kwarta\u0142 2026 (23-01-2026)&nbsp; &gt;&gt;&gt; pobierz Harmonogram 2026 &#8211; [&hellip;]<\/p>\n","protected":false},"author":1,"featured_media":0,"parent":10234,"menu_order":0,"comment_status":"closed","ping_status":"closed","template":"","meta":{"ngg_post_thumbnail":0,"_price":"","_stock":"","_tribe_ticket_header":"","_tribe_default_ticket_provider":"","_ticket_start_date":"","_ticket_end_date":"","_tribe_ticket_show_description":"","_tribe_ticket_show_not_going":false,"_tribe_ticket_use_global_stock":"","_tribe_ticket_global_stock_level":"","_global_stock_mode":"","_global_stock_cap":"","_tribe_rsvp_for_event":"","_tribe_ticket_going_count":"","_tribe_ticket_not_going_count":"","_tribe_tickets_list":"[]","_tribe_ticket_has_attendee_info_fields":false,"footnotes":"","_tec_slr_enabled":"","_tec_slr_layout":""},"class_list":["post-10383","page","type-page","status-publish","hentry"],"rttpg_featured_image_url":null,"rttpg_author":{"display_name":"admin","author_link":"https:\/\/partnerstwo-sowiogorskie.pl\/index.php\/author\/admin\/"},"rttpg_comment":0,"rttpg_category":null,"rttpg_excerpt":"HARMONOGRAM LGD Harmonogram planowanych nabor\u00f3w wniosk\u00f3w&nbsp;o udzielenie wsparcia na wdra\u017canie operacji w ramach strategii rozwoju lokalnego kierowanego przez spo\u0142eczno\u015b\u0107: Informacja aktualna:&nbsp; I kwarta\u0142 2026 (23-01-2026)&nbsp; &gt;&gt;&gt; pobierz Harmonogram 2026 &#8211; [&hellip;]","ticketed":false,"_links":{"self":[{"href":"https:\/\/partnerstwo-sowiogorskie.pl\/index.php\/wp-json\/wp\/v2\/pages\/10383","targetHints":{"allow":["GET"]}}],"collection":[{"href":"https:\/\/partnerstwo-sowiogorskie.pl\/index.php\/wp-json\/wp\/v2\/pages"}],"about":[{"href":"https:\/\/partnerstwo-sowiogorskie.pl\/index.php\/wp-json\/wp\/v2\/types\/page"}],"author":[{"embeddable":true,"href":"https:\/\/partnerstwo-sowiogorskie.pl\/index.php\/wp-json\/wp\/v2\/users\/1"}],"replies":[{"embeddable":true,"href":"https:\/\/partnerstwo-sowiogorskie.pl\/index.php\/wp-json\/wp\/v2\/comments?post=10383"}],"version-history":[{"count":34,"href":"https:\/\/partnerstwo-sowiogorskie.pl\/index.php\/wp-json\/wp\/v2\/pages\/10383\/revisions"}],"predecessor-version":[{"id":11940,"href":"https:\/\/partnerstwo-sowiogorskie.pl\/index.php\/wp-json\/wp\/v2\/pages\/10383\/revisions\/11940"}],"up":[{"embeddable":true,"href":"https:\/\/partnerstwo-sowiogorskie.pl\/index.php\/wp-json\/wp\/v2\/pages\/10234"}],"wp:attachment":[{"href":"https:\/\/partnerstwo-sowiogorskie.pl\/index.php\/wp-json\/wp\/v2\/media?parent=10383"}],"curies":[{"name":"wp","href":"https:\/\/api.w.org\/{rel}","templated":true}]}}