{"id":10371,"date":"2024-05-22T12:19:03","date_gmt":"2024-05-22T12:19:03","guid":{"rendered":"https:\/\/partnerstwo-sowiogorskie.pl\/?page_id=10371"},"modified":"2025-09-17T09:19:05","modified_gmt":"2025-09-17T08:19:05","slug":"lsr-2021-2027","status":"publish","type":"page","link":"https:\/\/partnerstwo-sowiogorskie.pl\/index.php\/ps-wpr-2023-2027\/realizacja-lokalnej-strategii-rozwoju-lsr\/lsr-2021-2027\/","title":{"rendered":"LSR 2021-2027"},"content":{"rendered":"<p>Lokalna Strategia Rozwoju Kierowanego przez Spo\u0142eczno\u015b\u0107 w ramach Planu Strategicznego dla Wsp\u00f3lnej Polityki Rolnej na lata 2023-2027<br \/>\nStrategia w skr\u00f3cie zwana LSR stanowi <strong>za\u0142\u0105cznik nr 1 do umowy ramowej<\/strong> nr 00006.UM01.6572.10010.2023 z dn. 09-01-2024r. <a href=\"https:\/\/partnerstwo-sowiogorskie.pl\/index.php\/ps-wpr-2023-2027\/realizacja-lokalnej-strategii-rozwoju-lsr\/umowy-zwiazane-z-realizacja-lsr\/\">(przejd\u017a do umowy)<\/a><\/p>\n<ol>\n<li>Wersja nr 3 przyj\u0119ta uchwa\u0142\u0105 WZC <a href=\"https:\/\/partnerstwo-sowiogorskie.pl\/wp-content\/uploads\/2025\/09\/3_LSR_PS_17062025.pdf\" target=\"_blank\" rel=\"noopener\">3_LSR_PS_17062025<\/a><\/li>\n<li>Wersja nr 2 przyj\u0119ta uchwa\u0142\u0105 WZC <a href=\"https:\/\/partnerstwo-sowiogorskie.pl\/wp-content\/uploads\/2024\/11\/2_LSR_PS_21112024.pdf\" target=\"_blank\" rel=\"noopener\">2_LSR_PS_21112024<\/a><\/li>\n<li>Wersja nr 1 przyj\u0119ta uchwa\u0142\u0105 WZC <a href=\"https:\/\/partnerstwo-sowiogorskie.pl\/wp-content\/uploads\/2024\/08\/1_LSR_PS_05062023.pdf\">1_LSR_PS_05062023<\/a><\/li>\n<\/ol>\n","protected":false},"excerpt":{"rendered":"<p>Lokalna Strategia Rozwoju Kierowanego przez Spo\u0142eczno\u015b\u0107 w ramach Planu Strategicznego dla Wsp\u00f3lnej Polityki Rolnej na lata 2023-2027 Strategia w skr\u00f3cie zwana LSR stanowi za\u0142\u0105cznik nr 1 do umowy ramowej nr [&hellip;]<\/p>\n","protected":false},"author":1,"featured_media":0,"parent":10232,"menu_order":0,"comment_status":"closed","ping_status":"closed","template":"","meta":{"ngg_post_thumbnail":0,"_price":"","_stock":"","_tribe_ticket_header":"","_tribe_default_ticket_provider":"","_ticket_start_date":"","_ticket_end_date":"","_tribe_ticket_show_description":"","_tribe_ticket_show_not_going":false,"_tribe_ticket_use_global_stock":"","_tribe_ticket_global_stock_level":"","_global_stock_mode":"","_global_stock_cap":"","_tribe_rsvp_for_event":"","_tribe_ticket_going_count":"","_tribe_ticket_not_going_count":"","_tribe_tickets_list":"[]","_tribe_ticket_has_attendee_info_fields":false,"footnotes":"","_tec_slr_enabled":"","_tec_slr_layout":""},"class_list":["post-10371","page","type-page","status-publish","hentry"],"rttpg_featured_image_url":null,"rttpg_author":{"display_name":"admin","author_link":"https:\/\/partnerstwo-sowiogorskie.pl\/index.php\/author\/admin\/"},"rttpg_comment":0,"rttpg_category":null,"rttpg_excerpt":"Lokalna Strategia Rozwoju Kierowanego przez Spo\u0142eczno\u015b\u0107 w ramach Planu Strategicznego dla Wsp\u00f3lnej Polityki Rolnej na lata 2023-2027 Strategia w skr\u00f3cie zwana LSR stanowi za\u0142\u0105cznik nr 1 do umowy ramowej nr [&hellip;]","ticketed":false,"_links":{"self":[{"href":"https:\/\/partnerstwo-sowiogorskie.pl\/index.php\/wp-json\/wp\/v2\/pages\/10371","targetHints":{"allow":["GET"]}}],"collection":[{"href":"https:\/\/partnerstwo-sowiogorskie.pl\/index.php\/wp-json\/wp\/v2\/pages"}],"about":[{"href":"https:\/\/partnerstwo-sowiogorskie.pl\/index.php\/wp-json\/wp\/v2\/types\/page"}],"author":[{"embeddable":true,"href":"https:\/\/partnerstwo-sowiogorskie.pl\/index.php\/wp-json\/wp\/v2\/users\/1"}],"replies":[{"embeddable":true,"href":"https:\/\/partnerstwo-sowiogorskie.pl\/index.php\/wp-json\/wp\/v2\/comments?post=10371"}],"version-history":[{"count":9,"href":"https:\/\/partnerstwo-sowiogorskie.pl\/index.php\/wp-json\/wp\/v2\/pages\/10371\/revisions"}],"predecessor-version":[{"id":11639,"href":"https:\/\/partnerstwo-sowiogorskie.pl\/index.php\/wp-json\/wp\/v2\/pages\/10371\/revisions\/11639"}],"up":[{"embeddable":true,"href":"https:\/\/partnerstwo-sowiogorskie.pl\/index.php\/wp-json\/wp\/v2\/pages\/10232"}],"wp:attachment":[{"href":"https:\/\/partnerstwo-sowiogorskie.pl\/index.php\/wp-json\/wp\/v2\/media?parent=10371"}],"curies":[{"name":"wp","href":"https:\/\/api.w.org\/{rel}","templated":true}]}}