{"id":10361,"date":"2024-05-22T12:14:24","date_gmt":"2024-05-22T12:14:24","guid":{"rendered":"https:\/\/partnerstwo-sowiogorskie.pl\/?page_id=10361"},"modified":"2024-12-04T13:49:27","modified_gmt":"2024-12-04T12:49:27","slug":"dokumentacja-dla-kandydatow","status":"publish","type":"page","link":"https:\/\/partnerstwo-sowiogorskie.pl\/index.php\/o-nas\/wladze-lgd\/dokumentacja-dla-kandydatow\/","title":{"rendered":"Dokumentacja dla kandydat\u00f3w"},"content":{"rendered":"<p><strong>Dokumentacja dla kandydat\u00f3w do W\u0142adz Stowarzyszenia<\/strong><\/p>\n<p>&#8211; regulacje dotycz\u0105ce zasad sk\u0142adania rekomendacji oraz wymog\u00f3w dla kandydat\u00f3w opisane s\u0105 w <a href=\"https:\/\/partnerstwo-sowiogorskie.pl\/index.php\/o-nas\/statut\/\">Statucie<\/a> oraz aktualnym <a href=\"https:\/\/partnerstwo-sowiogorskie.pl\/index.php\/ps-wpr-2023-2027\/realizacja-lokalnej-strategii-rozwoju-lsr\/lsr-2021-2027\/\">LSR<\/a><\/p>\n<p><strong>Zarz\u0105d Stowarzyszenia:&nbsp;<\/strong><\/p>\n<p>Rekomendacja na Cz\u0142onka Zarz\u0105du wraz z za\u0142\u0105cznikami <a href=\"https:\/\/partnerstwo-sowiogorskie.pl\/wp-content\/uploads\/2024\/12\/1_Rekomendacja_oswiadczenia_Zarzad_01092024.doc\" target=\"_blank\" rel=\"noopener\">&gt;&gt;&gt; pobierz<\/a><\/p>\n<p><strong>Rada Stowarzyszenia:&nbsp;<\/strong><\/p>\n<p>Rekomendacja na Cz\u0142onka Rady wraz z za\u0142\u0105cznikami <a href=\"https:\/\/partnerstwo-sowiogorskie.pl\/wp-content\/uploads\/2024\/12\/1_Rekomendacja_oswiadczenia_Rada_01092024.doc\" target=\"_blank\" rel=\"noopener\">&gt;&gt;&gt; pobierz<\/a><\/p>\n<p><strong>Komisja Rewizyjna Stowarzyszenia:&nbsp;<\/strong><\/p>\n<p>Rekomendacja na Cz\u0142onka Komisji Rewizyjnej wraz z za\u0142\u0105cznikami <a href=\"https:\/\/partnerstwo-sowiogorskie.pl\/wp-content\/uploads\/2024\/12\/1_Rekomendacja_Komisja_Rewizyjna_01092024.doc\" target=\"_blank\" rel=\"noopener\">&gt;&gt;&gt; pobierz<\/a><\/p>\n","protected":false},"excerpt":{"rendered":"<p>Dokumentacja dla kandydat\u00f3w do W\u0142adz Stowarzyszenia &#8211; regulacje dotycz\u0105ce zasad sk\u0142adania rekomendacji oraz wymog\u00f3w dla kandydat\u00f3w opisane s\u0105 w Statucie oraz aktualnym LSR Zarz\u0105d Stowarzyszenia:&nbsp; Rekomendacja na Cz\u0142onka Zarz\u0105du wraz [&hellip;]<\/p>\n","protected":false},"author":1,"featured_media":0,"parent":10222,"menu_order":0,"comment_status":"closed","ping_status":"closed","template":"","meta":{"ngg_post_thumbnail":0,"_price":"","_stock":"","_tribe_ticket_header":"","_tribe_default_ticket_provider":"","_ticket_start_date":"","_ticket_end_date":"","_tribe_ticket_show_description":"","_tribe_ticket_show_not_going":false,"_tribe_ticket_use_global_stock":"","_tribe_ticket_global_stock_level":"","_global_stock_mode":"","_global_stock_cap":"","_tribe_rsvp_for_event":"","_tribe_ticket_going_count":"","_tribe_ticket_not_going_count":"","_tribe_tickets_list":"[]","_tribe_ticket_has_attendee_info_fields":false,"footnotes":"","_tec_slr_enabled":"","_tec_slr_layout":""},"class_list":["post-10361","page","type-page","status-publish","hentry"],"rttpg_featured_image_url":null,"rttpg_author":{"display_name":"admin","author_link":"https:\/\/partnerstwo-sowiogorskie.pl\/index.php\/author\/admin\/"},"rttpg_comment":0,"rttpg_category":null,"rttpg_excerpt":"Dokumentacja dla kandydat\u00f3w do W\u0142adz Stowarzyszenia &#8211; regulacje dotycz\u0105ce zasad sk\u0142adania rekomendacji oraz wymog\u00f3w dla kandydat\u00f3w opisane s\u0105 w Statucie oraz aktualnym LSR Zarz\u0105d Stowarzyszenia:&nbsp; Rekomendacja na Cz\u0142onka Zarz\u0105du wraz [&hellip;]","ticketed":false,"_links":{"self":[{"href":"https:\/\/partnerstwo-sowiogorskie.pl\/index.php\/wp-json\/wp\/v2\/pages\/10361","targetHints":{"allow":["GET"]}}],"collection":[{"href":"https:\/\/partnerstwo-sowiogorskie.pl\/index.php\/wp-json\/wp\/v2\/pages"}],"about":[{"href":"https:\/\/partnerstwo-sowiogorskie.pl\/index.php\/wp-json\/wp\/v2\/types\/page"}],"author":[{"embeddable":true,"href":"https:\/\/partnerstwo-sowiogorskie.pl\/index.php\/wp-json\/wp\/v2\/users\/1"}],"replies":[{"embeddable":true,"href":"https:\/\/partnerstwo-sowiogorskie.pl\/index.php\/wp-json\/wp\/v2\/comments?post=10361"}],"version-history":[{"count":14,"href":"https:\/\/partnerstwo-sowiogorskie.pl\/index.php\/wp-json\/wp\/v2\/pages\/10361\/revisions"}],"predecessor-version":[{"id":11034,"href":"https:\/\/partnerstwo-sowiogorskie.pl\/index.php\/wp-json\/wp\/v2\/pages\/10361\/revisions\/11034"}],"up":[{"embeddable":true,"href":"https:\/\/partnerstwo-sowiogorskie.pl\/index.php\/wp-json\/wp\/v2\/pages\/10222"}],"wp:attachment":[{"href":"https:\/\/partnerstwo-sowiogorskie.pl\/index.php\/wp-json\/wp\/v2\/media?parent=10361"}],"curies":[{"name":"wp","href":"https:\/\/api.w.org\/{rel}","templated":true}]}}