{"id":10357,"date":"2024-05-22T12:13:18","date_gmt":"2024-05-22T12:13:18","guid":{"rendered":"https:\/\/partnerstwo-sowiogorskie.pl\/?page_id=10357"},"modified":"2026-03-24T13:38:46","modified_gmt":"2026-03-24T12:38:46","slug":"rada","status":"publish","type":"page","link":"https:\/\/partnerstwo-sowiogorskie.pl\/index.php\/o-nas\/wladze-lgd\/rada\/","title":{"rendered":"Rada"},"content":{"rendered":"<p style=\"text-align: left;\"><strong>Rada&nbsp;&#8211;<\/strong>&nbsp;powo\u0142ana, na podstawie Statutu LGD, Rada ma wy\u0142\u0105czn\u0105 w\u0142a\u015bciwo\u015b\u0107 wyboru operacji oraz ustalenie kwoty wsparcia dla operacji realizowanych w ramach opracowanej przez Stowarzyszenie LSR.<\/p>\n<p><strong>KADENCJA RADY: 2024-2028<\/strong><\/p>\n<p>Struktura Rady &#8211; aktualizacja na dzie\u0144 18-03-2026r.<\/p>\n<table style=\"height: 335px;\" width=\"848\">\n<tbody>\n<tr>\n<td width=\"7%\"><strong>Lp.<\/strong><\/td>\n<td width=\"38%\"><strong>Nazwisko i Imi\u0119 <\/strong><\/td>\n<td width=\"25%\"><strong>Reprezentowana Gmina <\/strong><\/td>\n<td width=\"29%\"><strong>Reprezentowana grupa interesu<\/strong><\/td>\n<\/tr>\n<tr>\n<td width=\"7%\">1<\/td>\n<td width=\"38%\">Borensztajn Ewelina<\/td>\n<td width=\"25%\">G\u0142uszyca<\/td>\n<td width=\"29%\">Spo\u0142ecznego<\/td>\n<\/tr>\n<tr>\n<td width=\"7%\">2<\/td>\n<td width=\"38%\">Chojnacka Joanna<\/td>\n<td width=\"25%\">Jedlina \u2013 Zdr\u00f3j<\/td>\n<td width=\"29%\">Gospodarczego<\/td>\n<\/tr>\n<tr>\n<td width=\"7%\">3<\/td>\n<td width=\"38%\">Czepil Grzegorz<\/td>\n<td width=\"25%\">G\u0142uszyca<\/td>\n<td width=\"29%\">Gospodarczego<\/td>\n<\/tr>\n<tr>\n<td width=\"7%\">4<\/td>\n<td width=\"38%\">G\u0142\u00f3d Roman<\/td>\n<td width=\"25%\">G\u0142uszyca<\/td>\n<td width=\"29%\">Publicznego<\/td>\n<\/tr>\n<tr>\n<td width=\"7%\">5<\/td>\n<td width=\"38%\">Niedzi\u00f3\u0142ka Wojciech<\/td>\n<td width=\"25%\">G\u0142uszyca<\/td>\n<td width=\"29%\">Gospodarczego<\/td>\n<\/tr>\n<tr>\n<td width=\"7%\">6<\/td>\n<td width=\"38%\">Opalska Sylwia<\/td>\n<td width=\"25%\">Pieszyce<\/td>\n<td width=\"29%\">Spo\u0142ecznego<\/td>\n<\/tr>\n<tr>\n<td width=\"7%\">7<\/td>\n<td width=\"38%\">Ry\u015b \u2013 S\u0142oninka Malwina<\/td>\n<td width=\"25%\">Nowa Ruda<\/td>\n<td width=\"29%\">Spo\u0142ecznego<\/td>\n<\/tr>\n<tr>\n<td width=\"7%\">8<\/td>\n<td width=\"38%\">Szel\u0105g Wojciech<\/td>\n<td width=\"25%\">Pieszyce<\/td>\n<td width=\"29%\">Gospodarczego<\/td>\n<\/tr>\n<tr>\n<td width=\"7%\">9<\/td>\n<td width=\"38%\">Szewczyk Daniel<\/td>\n<td width=\"25%\">Walim<\/td>\n<td width=\"29%\">Gospodarczego<\/td>\n<\/tr>\n<tr>\n<td width=\"7%\">10<\/td>\n<td width=\"38%\">Tomczuk Patryk<\/td>\n<td width=\"25%\">Nowa Ruda<\/td>\n<td width=\"29%\">Spo\u0142ecznego<\/td>\n<\/tr>\n<tr>\n<td width=\"7%\">11<\/td>\n<td width=\"38%\">Trubowicz Konrad<\/td>\n<td width=\"25%\">G\u0142uszyca<\/td>\n<td width=\"29%\">Publicznego<\/td>\n<\/tr>\n<tr>\n<td width=\"7%\">12<\/td>\n<td width=\"38%\">Wo\u017aniak Krzysztof<\/td>\n<td width=\"25%\">Nowa Ruda<\/td>\n<td width=\"29%\">Publicznego<\/td>\n<\/tr>\n<\/tbody>\n<\/table>\n<p>&nbsp;<\/p>\n<p>&nbsp;<\/p>\n","protected":false},"excerpt":{"rendered":"<p>Rada&nbsp;&#8211;&nbsp;powo\u0142ana, na podstawie Statutu LGD, Rada ma wy\u0142\u0105czn\u0105 w\u0142a\u015bciwo\u015b\u0107 wyboru operacji oraz ustalenie kwoty wsparcia dla operacji realizowanych w ramach opracowanej przez Stowarzyszenie LSR. KADENCJA RADY: 2024-2028 Struktura Rady &#8211; [&hellip;]<\/p>\n","protected":false},"author":6,"featured_media":0,"parent":10222,"menu_order":0,"comment_status":"closed","ping_status":"closed","template":"","meta":{"ngg_post_thumbnail":0,"_price":"","_stock":"","_tribe_ticket_header":"","_tribe_default_ticket_provider":"","_ticket_start_date":"","_ticket_end_date":"","_tribe_ticket_show_description":"","_tribe_ticket_show_not_going":false,"_tribe_ticket_use_global_stock":"","_tribe_ticket_global_stock_level":"","_global_stock_mode":"","_global_stock_cap":"","_tribe_rsvp_for_event":"","_tribe_ticket_going_count":"","_tribe_ticket_not_going_count":"","_tribe_tickets_list":"[]","_tribe_ticket_has_attendee_info_fields":false,"footnotes":"","_tec_slr_enabled":"","_tec_slr_layout":""},"class_list":["post-10357","page","type-page","status-publish","hentry"],"rttpg_featured_image_url":null,"rttpg_author":{"display_name":"Iweta G\u0142\u00f3d","author_link":"https:\/\/partnerstwo-sowiogorskie.pl\/index.php\/author\/iglod\/"},"rttpg_comment":0,"rttpg_category":null,"rttpg_excerpt":"Rada&nbsp;&#8211;&nbsp;powo\u0142ana, na podstawie Statutu LGD, Rada ma wy\u0142\u0105czn\u0105 w\u0142a\u015bciwo\u015b\u0107 wyboru operacji oraz ustalenie kwoty wsparcia dla operacji realizowanych w ramach opracowanej przez Stowarzyszenie LSR. KADENCJA RADY: 2024-2028 Struktura Rady &#8211; [&hellip;]","ticketed":false,"_links":{"self":[{"href":"https:\/\/partnerstwo-sowiogorskie.pl\/index.php\/wp-json\/wp\/v2\/pages\/10357","targetHints":{"allow":["GET"]}}],"collection":[{"href":"https:\/\/partnerstwo-sowiogorskie.pl\/index.php\/wp-json\/wp\/v2\/pages"}],"about":[{"href":"https:\/\/partnerstwo-sowiogorskie.pl\/index.php\/wp-json\/wp\/v2\/types\/page"}],"author":[{"embeddable":true,"href":"https:\/\/partnerstwo-sowiogorskie.pl\/index.php\/wp-json\/wp\/v2\/users\/6"}],"replies":[{"embeddable":true,"href":"https:\/\/partnerstwo-sowiogorskie.pl\/index.php\/wp-json\/wp\/v2\/comments?post=10357"}],"version-history":[{"count":19,"href":"https:\/\/partnerstwo-sowiogorskie.pl\/index.php\/wp-json\/wp\/v2\/pages\/10357\/revisions"}],"predecessor-version":[{"id":12021,"href":"https:\/\/partnerstwo-sowiogorskie.pl\/index.php\/wp-json\/wp\/v2\/pages\/10357\/revisions\/12021"}],"up":[{"embeddable":true,"href":"https:\/\/partnerstwo-sowiogorskie.pl\/index.php\/wp-json\/wp\/v2\/pages\/10222"}],"wp:attachment":[{"href":"https:\/\/partnerstwo-sowiogorskie.pl\/index.php\/wp-json\/wp\/v2\/media?parent=10357"}],"curies":[{"name":"wp","href":"https:\/\/api.w.org\/{rel}","templated":true}]}}