{"id":10238,"date":"2024-05-22T06:55:22","date_gmt":"2024-05-22T06:55:22","guid":{"rendered":"https:\/\/partnerstwo-sowiogorskie.pl\/?page_id=10238"},"modified":"2026-04-08T10:01:10","modified_gmt":"2026-04-08T09:01:10","slug":"kontakt","status":"publish","type":"page","link":"https:\/\/partnerstwo-sowiogorskie.pl\/index.php\/kontakt\/","title":{"rendered":"Kontakt"},"content":{"rendered":"<h2>Lokalna Grupa Dzia\u0142ania&nbsp;&#8220;Partnerstwo Sowiog\u00f3rskie&#8221;<\/h2>\n<h5>Siedziba\/Biuro LGD:&nbsp;<strong>ul. Grunwaldzka 26,&nbsp;58-340 G\u0142uszyca<\/strong><\/h5>\n<p>\/osobne wej\u015bcie z ty\u0142u budynku Centrum Kultury -Miejska Biblioteka Publiczna w G\u0142uszycy\/&nbsp;<\/p>\n<p>Adres e-Dor\u0119czenia: <strong>AE:PL-47457-49629-IVGDS-27<\/strong><\/p>\n<p>******************************************************************************************************************************************************************************************<\/p>\n<p>Godziny przyj\u0119\u0107 interesant\u00f3w:&nbsp;<\/p>\n<p><strong>poniedzia\u0142ek-pi\u0105tek w godzinach: 10:00 &#8211; 13:00&nbsp; \/w przypadku doradztwa i nabor\u00f3w godziny ustalane indywidualnie mi\u0119dzy 7:30-15:30\/<\/strong><\/p>\n<p>Bezpo\u015bredni kontakt z pracownikami biura z uwagi na&nbsp;wykonywanie obowi\u0105zk\u00f3w s\u0142u\u017cbowych r\u00f3wnie\u017c poza siedzib\u0105 biura<br \/>\n&#8211; wy\u0142\u0105cznie po wcze\u015bniejszym kontakcie telefonicznym.&nbsp;&nbsp;<\/p>\n<p>Informujemy, \u017ce w godzinach pracy biura \u015bwiadczymy bezp\u0142atne doradztwo w zakresie przygotowania wniosk\u00f3w o przyznanie pomocy i wniosk\u00f3w o p\u0142atno\u015b\u0107 na operacje realizuj\u0105ce cele LSR.&nbsp;<\/p>\n<h2><strong>Adres poczty elektronicznej (g\u0142\u00f3wny)<\/strong> do faktur oraz dzia\u0142a\u0144 promocyjnych oraz w sprawie DORADZTWA: <strong><a href=\"mailto:biuro@partnerstwo-sowiogorskie.pl\">biuro@partnerstwo-sowiogorskie.pl<\/a><\/strong><\/h2>\n<h5><strong>PRACOWNICY BIURA:<\/strong><\/h5>\n<h6><strong>G\u0142\u00f3d Iweta &#8211; Dyrektor Biura &#8211; tel. kom.: +48 539 972 140<\/strong><\/h6>\n<p>iweta.glod@partnerstwo-sowiogorskie.pl&nbsp;<\/p>\n<h6><strong>Roksana \u015awite\u0144ka &#8211; Specjalista ds. wdra\u017cania &#8211; tel. kom.: +48 518 855 434&nbsp;<\/strong><\/h6>\n<p>r.switenka@partnerstwo-sowiogorskie.pl<\/p>\n<h5>Godziny pracy biura:<\/h5>\n<p><strong>&nbsp; &nbsp; &nbsp; &nbsp; &nbsp; &nbsp; &nbsp; &nbsp; &nbsp; &nbsp; &nbsp; &nbsp; poniedzia\u0142ek-pi\u0105tek w godzinach: 7:30-15:30&nbsp;<\/strong><\/p>\n<h5><strong>MEDIA:<\/strong><\/h5>\n<p>www.partnerstwo-sowiogorskie.pl<\/p>\n<p>https:\/\/www.facebook.com\/lgdsowiogorskie<\/p>\n<h5><strong>POZOSTA\u0141E DANE:<\/strong><\/h5>\n<p>KRS nr 0000321512<br \/>\nREGON 020916930<br \/>\nNIP 885 16 17 489<\/p>\n<p>Nr identyfikacyjny 063263625<\/p>\n<h5><strong>Konto bankowe (podstawowe): PKO Bank Polski SA Odzia\u0142 1 w Wa\u0142brzychu<\/strong><\/h5>\n<h6>Nr 26 1020 5095 0000 5402 0191 8150<\/h6>\n<p><iframe loading=\"lazy\" style=\"border: 0;\" src=\"https:\/\/www.google.com\/maps\/embed?pb=!1m18!1m12!1m3!1d2527.9316896663368!2d16.37169017681868!3d50.6840929705133!2m3!1f0!2f0!3f0!3m2!1i1024!2i768!4f13.1!3m3!1m2!1s0x470e45501c5b5ef7%3A0x5f2b9af734d6fc7b!2sGrunwaldzka%2026%2C%2058-340%20G%C5%82uszyca!5e0!3m2!1spl!2spl!4v1719472397387!5m2!1spl!2spl\" width=\"700\" height=\"450\" allowfullscreen=\"allowfullscreen\"><\/iframe><\/p>\n","protected":false},"excerpt":{"rendered":"<p>Lokalna Grupa Dzia\u0142ania&nbsp;&#8220;Partnerstwo Sowiog\u00f3rskie&#8221; Siedziba\/Biuro LGD:&nbsp;ul. Grunwaldzka 26,&nbsp;58-340 G\u0142uszyca \/osobne wej\u015bcie z ty\u0142u budynku Centrum Kultury -Miejska Biblioteka Publiczna w G\u0142uszycy\/&nbsp; Adres e-Dor\u0119czenia: AE:PL-47457-49629-IVGDS-27 ****************************************************************************************************************************************************************************************** Godziny przyj\u0119\u0107 interesant\u00f3w:&nbsp; poniedzia\u0142ek-pi\u0105tek w [&hellip;]<\/p>\n","protected":false},"author":1,"featured_media":0,"parent":0,"menu_order":0,"comment_status":"closed","ping_status":"closed","template":"","meta":{"ngg_post_thumbnail":0,"_price":"","_stock":"","_tribe_ticket_header":"","_tribe_default_ticket_provider":"","_ticket_start_date":"","_ticket_end_date":"","_tribe_ticket_show_description":"","_tribe_ticket_show_not_going":false,"_tribe_ticket_use_global_stock":"","_tribe_ticket_global_stock_level":"","_global_stock_mode":"","_global_stock_cap":"","_tribe_rsvp_for_event":"","_tribe_ticket_going_count":"","_tribe_ticket_not_going_count":"","_tribe_tickets_list":"[]","_tribe_ticket_has_attendee_info_fields":false,"footnotes":"","_tec_slr_enabled":"","_tec_slr_layout":""},"class_list":["post-10238","page","type-page","status-publish","hentry"],"rttpg_featured_image_url":null,"rttpg_author":{"display_name":"admin","author_link":"https:\/\/partnerstwo-sowiogorskie.pl\/index.php\/author\/admin\/"},"rttpg_comment":0,"rttpg_category":null,"rttpg_excerpt":"Lokalna Grupa Dzia\u0142ania&nbsp;&#8220;Partnerstwo Sowiog\u00f3rskie&#8221; Siedziba\/Biuro LGD:&nbsp;ul. Grunwaldzka 26,&nbsp;58-340 G\u0142uszyca \/osobne wej\u015bcie z ty\u0142u budynku Centrum Kultury -Miejska Biblioteka Publiczna w G\u0142uszycy\/&nbsp; Adres e-Dor\u0119czenia: AE:PL-47457-49629-IVGDS-27 ****************************************************************************************************************************************************************************************** Godziny przyj\u0119\u0107 interesant\u00f3w:&nbsp; poniedzia\u0142ek-pi\u0105tek w [&hellip;]","ticketed":false,"_links":{"self":[{"href":"https:\/\/partnerstwo-sowiogorskie.pl\/index.php\/wp-json\/wp\/v2\/pages\/10238","targetHints":{"allow":["GET"]}}],"collection":[{"href":"https:\/\/partnerstwo-sowiogorskie.pl\/index.php\/wp-json\/wp\/v2\/pages"}],"about":[{"href":"https:\/\/partnerstwo-sowiogorskie.pl\/index.php\/wp-json\/wp\/v2\/types\/page"}],"author":[{"embeddable":true,"href":"https:\/\/partnerstwo-sowiogorskie.pl\/index.php\/wp-json\/wp\/v2\/users\/1"}],"replies":[{"embeddable":true,"href":"https:\/\/partnerstwo-sowiogorskie.pl\/index.php\/wp-json\/wp\/v2\/comments?post=10238"}],"version-history":[{"count":33,"href":"https:\/\/partnerstwo-sowiogorskie.pl\/index.php\/wp-json\/wp\/v2\/pages\/10238\/revisions"}],"predecessor-version":[{"id":12044,"href":"https:\/\/partnerstwo-sowiogorskie.pl\/index.php\/wp-json\/wp\/v2\/pages\/10238\/revisions\/12044"}],"wp:attachment":[{"href":"https:\/\/partnerstwo-sowiogorskie.pl\/index.php\/wp-json\/wp\/v2\/media?parent=10238"}],"curies":[{"name":"wp","href":"https:\/\/api.w.org\/{rel}","templated":true}]}}